n 24 is divided by n.
6
Let g be 37*1/(1 + 0). Suppose -3*i + 31 = 5*u, -5*i + 36 = 3*u - g. Let q = 49 - i. Calculate the remainder when q is divided by 11.
10
Suppose 2*d + 5*k = 35, -4*d + k + 106 = -k. Suppose 0 = 2*m + 2*m - 176. Let s = m - d. What is the remainder when s is divided by 10?
9
Calculate the remainder when 47 is divided by 2 + (-3 - -2)*-14.
15
Let o = 173 + -90. Calculate the remainder when o is divided by 21.
20
Let w(g) = 3*g - 2. Let t(b) = -2*b + 2. Let r(x) = -5*t(x) - 4*w(x). Let n be r(-2). What is the remainder when 10 is divided by -2*((3 - n) + -4)?
4
Suppose 18 = -2*a + 4*a - 2*n, 5*a - 65 = -5*n. What is the remainder when 43 is divided by a?
10
Suppose 5*g - 3*g - 12 = 0. Suppose g*u = u + 70. Let n(s) = s**3 + 6*s**2 - 8*s + 1. Calculate the remainder when u is divided by n(-7).
6
Let t = -89 + 2. Let g = -14 - t. What is the remainder when g is divided by 25?
23
Suppose l = -4*w - 12, -4*l - 3*w + 6 - 2 = 0. Let m be l/14 - 96/(-7). Calculate the remainder when (-955)/(-35) + (-4)/m is divided by 14.
13
Suppose -4*l + 70 = -42. Let k = -14 + l. Calculate the remainder when 53 is divided by k.
11
Suppose 3*u - 2*z - 47 + 9 = 0, 1 = -z. Let o(i) = -i**2 - 17*i + 3. What is the remainder when o(-15) is divided by u?
9
Let v = 6 + -6. Let j(n) = -n**2 + 26. What is the remainder when j(v) is divided by 9?
8
Let t(l) be the first derivative of 2*l**3/3 - 5*l**2/2 - 5*l - 3. Calculate the remainder when 58 is divided by t(5).
18
Let c(i) be the third derivative of i**6/24 + i**3/6 - 10*i**2. What is the remainder when 41 is divided by c(1)?
5
Suppose -4*f = -m - 41, -2*f + 5*f - 2*m - 37 = 0. Let c be (f/(-12))/(1/(-8)). Calculate the remainder when 28 is divided by 3/(c/10)*2.
8
Suppose -6*p + 2*p + 64 = 0. Suppose 5*k - p = k. What is the remainder when 2/(-7) - 144/(-14) is divided by k?
2
Suppose 2 = c - 6. Calculate the remainder when 29 is divided by c.
5
Suppose 22 - 130 = -4*k. What is the remainder when k is divided by 15?
12
Suppose 0 = -2*y - 1 + 5. Suppose -m + 23 = -o - y*o, -5*o = 5. Calculate the remainder when m is divided by (33/12)/((-1)/(-4)).
9
Suppose -36 = 4*p - 0*p. Let r = p + 6. Calculate the remainder when 10 is divided by 3/(r/(-12)*3).
2
Suppose -4*x = -5*w - 10, -x = -2*w + 2*x - 4. Let o = -11 - -23. What is the remainder when 25/15*(-54)/w is divided by o?
9
Let u = -47 - -84. Calculate the remainder when u is divided by 13.
11
Let g(y) = -y**2 - 6. Let r be g(0). Let w(n) = -8*n - 6. Calculate the remainder when w(r) is divided by 11.
9
What is the remainder when (-7)/(40/(-12) + 3) is divided by 11?
10
Let o(g) = -g**3 - 5*g**2 + 5*g. Let z be o(-6). Let m be (-2)/z + 203/(-21). Let x = 15 + m. Calculate the remainder when 18 is divided by x.
3
Calculate the remainder when 14/(-4)*(3 - 7) is divided by 6.
2
Suppose m = -3*m + 8. Calculate the remainder when 13 is divided by m/(-13) - (-134)/26.
3
Let l = -154 + 166. What is the remainder when 39 is divided by l?
3
Let x = 23 + -10. Suppose 3*h - 152 = -h. What is the remainder when h is divided by x?
12
Suppose 0 = n - 4*n + 12. What is the remainder when 1/(1 - 2)*-6 is divided by n?
2
Calculate the remainder when 9/(-12)*(-536)/2 is divided by 17.
14
Suppose 11*c + 8 = 15*c. What is the remainder when -6 + 3 + (10 - c) is divided by 3?
2
Let d = 20 - 10. Let m be (-21 - -6)/(-2 - -1). Suppose -3*q = -2*h + h + m, -3*q - 51 = -3*h. Calculate the remainder when h is divided by d.
8
Suppose 0 = -4*q + 19 + 13. Calculate the remainder when 52 is divided by q.
4
Let r(c) = 4 + 0*c**2 - 2*c**2 + 3*c**2 - c - c**3. Let d be r(0). What is the remainder when 23 is divided by d/((-3)/6 + 1)?
7
Let a(c) = c**2 - 7*c + 9. Let g be a(5). Let j = 23 - g. Calculate the remainder when 69 is divided by j.
21
Let d(o) = -2*o + 2. Let y = 6 + -13. Calculate the remainder when d(y) is divided by 9.
7
Suppose -2*f - 3*t = -t + 14, -5*f + 1 = -4*t. What is the remainder when 43 is divided by 2/1 - 3*f?
10
Let h be 1 - (-10)/(0 - -1). Let n = -3 + h. Let y = 34 - 20. What is the remainder when y is divided by n?
6
Suppose -h = -4*h + 348. Suppose h + 64 = 5*o. Let p(u) = -u + 19. Calculate the remainder when o is divided by p(0).
17
Let i(x) = x**2 - 2*x. Let m be i(3). Suppose a = m*a - 28. Let b = 40 - a. Calculate the remainder when b is divided by 9.
8
Suppose 27 = 2*t - 3. What is the remainder when t is divided by 4?
3
Let c(f) = 2*f**2 + f + 1. Suppose -5*k + 136 = -3*t + 35, 3*t + 2*k + 73 = 0. Let l be 3/((t/6)/3). What is the remainder when 13 is divided by c(l)?
6
Let i = 149 - 34. Calculate the remainder when i is divided by 59.
56
Suppose -j - 20 = -2*y - 3*j, 3*j + 30 = 2*y. Let k = 3 + 2. What is the remainder when y is divided by k?
2
Let l(j) = -3*j**3 - j**2 + j + 1. Let m be l(-1). Suppose m*t - 24 = -t. What is the remainder when 29 is divided by t + (-5)/((-10)/4)?
9
Suppose -11*d = -4*d - 490. Calculate the remainder when d is divided by 15.
10
Suppose 2 = w - 9. Let s = 9 + -25. Let b = -10 - s. What is the remainder when w is divided by b?
5
Let o be 3/1 + (3 - 2). Let u(l) = 6*l + 1 + o*l + l**2 - 6*l - 8. What is the remainder when 18 is divided by u(-6)?
3
Calculate the remainder when (-9*(7 + -6))/((-3)/9) is divided by (0 - -14)/(0 + 2).
6
Let o be 6/((84/8)/7). Suppose 109 = o*p - 91. Calculate the remainder when p is divided by (-1 - 0)*(1 - 14).
11
Suppose -5*c = -2*c. Let a = c + 2. What is the remainder when 2 is divided by a?
0
Suppose -4*h = -h - 48. Suppose 0*z - 5*z + 25 = -2*t, 0 = z + 3*t - 22. What is the remainder when 212/z - 4/14 is divided by h?
14
Suppose -2*o = 10, 3*o + 25 = f - o. Suppose -f*p = 5*b - 3 - 22, 5*p = 3*b - 55. Calculate the remainder when 17 is divided by b.
7
Let x(l) = 4*l - 7*l + 4*l + 6*l**2 + 3 + l**3. Calculate the remainder when x(-4) is divided by 16.
15
Let g(b) = 6*b**2 - 5*b + 1. Let x be g(-4). Suppose -4*c + x = 29. What is the remainder when 43 is divided by c?
21
What is the remainder when 54 is divided by (-8)/(-16) - 74/(-4)?
16
Let u = 53 + -39. What is the remainder when u is divided by 0/(1 - 2) + 5?
4
Let b(g) = 1. Let j(q) = q - 6. Let h(y) = 6*b(y) + j(y). Let o be h(3). Suppose -d + 100 = o*d. Calculate the remainder when d is divided by 13.
12
Let h = -230 - -361. Calculate the remainder when h is divided by 33.
32
Suppose -4*a = i - 54, 3*i - 7*i - 44 = -4*a. What is the remainder when 23 is divided by a?
10
Let c(z) = -4*z**2 + 23*z + 7. Calculate the remainder when 64 is divided by c(5).
20
Calculate the remainder when (-2)/1*17/(-2) is divided by 3.
2
Suppose -5*a - 3*m + 90 = 0, 3*a = -a + m + 89. Suppose -u + 4*d + 264 = 3*u, 5*u - 306 = -d. What is the remainder when u is divided by a?
20
What is the remainder when 70 is divided by ((-2)/6 + -1)/(4/(-54))?
16
Suppose -4*p + 4*j + 16 = 0, p - 3*p - 4*j = -8. What is the remainder when 5*(-4 - (-34)/5) is divided by p?
2
Suppose c + 4 = 0, 4*c - 4 - 8 = -4*q. Suppose 0 = 4*v + p - 2*p - 6, -5*p = v - 12. What is the remainder when q is divided by v?
1
Let x(y) = -y**2 + 20*y - 28. What is the remainder when x(18) is divided by 6?
2
Suppose -4*x = -0*x - 12. What is the remainder when 9 is divided by x?
0
Let d(z) = 3 + 6*z**2 + 2*z**3 + 3*z**3 - 5*z**3 + 6*z - z**3. What is the remainder when d(5) is divided by 30?
28
Suppose -3*h = 13*a - 12*a - 4, -h - 52 = -3*a. Calculate the remainder when 1/(3/(-46))*-3 is divided by a.
14
Calculate the remainder when 27 is divided by 0 + (-6)/2 + 10.
6
Let g = -30 + 49. Suppose 0 = 147*p - 151*p + 44. Calculate the remainder when g is divided by p.
8
Let g = -13 - -17. Suppose j = -5*c + 18, 2*j + 21 = g*j - 5*c. What is the remainder when j is divided by 4?
1
Suppose 2*p + w = 7*p - 70, 5*w = -3*p + 14. Suppose -p - 7 = -s. What is the remainder when 38 is divided by s?
18
Let q(b) = 17*b + 5. Let r = 49 - 30. What is the remainder when q(3) is divided by r?
18
Suppose p - c = -4*p + 40, 0 = -2*p + 4*c + 34. Let o(g) = 5*g - 7. Let a = 13 - 3. Calculate the remainder when o(p) is divided by a.
8
Let k(u) be the third derivative of -u**5/10 - u**4/24 + u**2. Let p be k(-1). Calculate the remainder when (-174)/p + (-4)/(-20) is divided by 12.
11
Let j(w) = w**2 - 4*w